 is divided by g?
21
Let f = 14 - 20. Let n(b) = b**3 + 5*b**2 - 7*b + 4. What is the remainder when 28 is divided by n(f)?
8
Let k = 37 + -20. Calculate the remainder when 33 is divided by k.
16
Let g(c) = 3*c**2 + c. Suppose -3*i + 4*i + 8 = 4*v, 16 = -4*v - 5*i. What is the remainder when 13 is divided by g(v)?
1
Suppose 0 = -0*t - 4*t. Suppose -6 = -t*x - 3*x. Suppose 0 = -5*i + p + 14, p - 5 = -i - p. What is the remainder when i is divided by x?
1
Let v = -27 + 48. Calculate the remainder when 83 is divided by v.
20
Suppose 3*w - 5 = m, 4*m = -w - 0*w + 6. What is the remainder when m/4 + (-71)/(-4) is divided by 7?
4
Calculate the remainder when 30/(-4)*2/(-3) is divided by 4.
1
Let a(y) be the first derivative of -y**2 - 1. Let b be (0 - (4 - 3))*8. Calculate the remainder when 46 is divided by a(b).
14
Let m = 48 - 12. Let u = 395 + -376. What is the remainder when m is divided by u?
17
Let w be (1 - 1) + (10 - 8). Suppose -d + 2 + 7 = -w*c, 2*c + 42 = 4*d. Calculate the remainder when 19 is divided by d.
8
Suppose -h = -0*h - 4. Suppose h*p - 4 = 144. Suppose 3*i + 0*i - 39 = 0. What is the remainder when p is divided by i?
11
Suppose -2*n - 2*m = -3*m - 93, 0 = -3*n + 5*m + 150. Let t(x) = -x**2 - 8*x + 45. Calculate the remainder when n is divided by t(-11).
9
What is the remainder when 39 is divided by -1*1*(-14 + 2 - 2)?
11
Let x(r) = -r**3 - r**2 - 5*r - 1. Let u be x(-4). Suppose 9 = 4*n - u. Calculate the remainder when 55 is divided by n.
17
Let q(r) = -r + 1. Let o(f) = f - 3. Let g(j) = -o(j) - 3*q(j). Let i be g(1). Let n = 10 - i. Calculate the remainder when 15 is divided by n.
7
Let x = 34 - 13. Let k = 4 - 6. Let q = k + x. What is the remainder when q is divided by 11?
8
Suppose -5*u - 354 = -7*u. What is the remainder when u is divided by 45?
42
Suppose 4*n = 8*n - 312. What is the remainder when n is divided by 16?
14
Let n(s) be the third derivative of s**4/24 - 2*s**3/3 - 3*s**2. Calculate the remainder when 11 is divided by n(10).
5
Let t(v) be the second derivative of -1/20*v**5 + 2/3*v**3 + 0 - v + 7/2*v**2 + 1/3*v**4. What is the remainder when 3 is divided by t(5)?
1
Suppose 5 = -2*j - 1. Let b be 20/(-12) + 1/j. What is the remainder when (0 + -1 + b)*-7 is divided by 11?
10
Let m = 24 - 12. Suppose 2*q - 3*q - 36 = -h, 144 = 4*h - 3*q. Let y = h - 14. Calculate the remainder when y is divided by m.
10
Let r = -5 - -9. Suppose 0 = r*g + g - 85. What is the remainder when (-1 - 13/(-5))*20 is divided by g?
15
Suppose 3*z - 275 = -2*z. Let v be 3/(2 - 333/165). What is the remainder when z is divided by (-2)/(-3) - v/9?
17
Calculate the remainder when (-145)/(-11) + (7 - (-553)/(-77)) is divided by (-2)/(-2*1)*8.
5
Let g = 13 + 0. Suppose y + 2*y = -n + 116, -200 = -5*y - 5*n. What is the remainder when y is divided by g?
12
What is the remainder when 1000/30 - (-1)/(-3) is divided by 5?
3
Let x = 8 + -4. Suppose 0 = 2*d - x*u - 90, 3*u + 45 = d + 5*u. What is the remainder when d is divided by 16?
13
Let i = 65 + -11. Calculate the remainder when 157 is divided by i.
49
Suppose 4*n = 5*b + 17, -4*b - 26 = -n + 4*n. Let o(z) = -z**2 - 5*z + 6. Calculate the remainder when 9 is divided by o(b).
3
Suppose 5*o - 139 = a + a, -4*o - 3*a + 125 = 0. What is the remainder when 85 is divided by o?
27
What is the remainder when 7/(-4 - 180/(-44)) is divided by 26?
25
Suppose -4*t = 9*t - 390. Calculate the remainder when 147 is divided by t.
27
Let m(j) = -j**3 + j**2 - 3*j - 3. Let q(t) = 3*t**3 - t. Let n be q(-1). What is the remainder when 27 is divided by m(n)?
12
Let l = -11 - -21. Suppose -3*y + 8*y + 2 = 4*r, -5*y + l = 0. What is the remainder when r is divided by (-32)/(-18) - (-2)/9?
1
Suppose 22 = k - 0*k - 5*q, -2*q = 4. Let r be ((-8)/k)/((-2)/(-18)). What is the remainder when 24 + (r + 2 - -2) is divided by 8?
6
Suppose 94 = 4*i + q, 8 - 60 = -2*i - 3*q. What is the remainder when i is divided by 5?
3
Let b(r) = 2*r**2 - r - 3. What is the remainder when 108/5 - (-4)/10 is divided by b(3)?
10
Suppose 3*o + o = -3*n + 5, n - 5 = 2*o. Calculate the remainder when n is divided by 1.
0
Let w(d) = d**3 - 7*d**2 + 22. Let b(l) = l**2 - 3*l - 2. What is the remainder when w(0) is divided by b(5)?
6
Suppose 3*l - 44 - 4 = 0. What is the remainder when 44 is divided by l?
12
Suppose 0 = -5*l - 5 + 55. What is the remainder when 19 is divided by l?
9
Suppose 5*k = -8 + 23. What is the remainder when 66 - (k - (1 + 2)) is divided by 17?
15
Suppose -2*h = 2*h - 96. What is the remainder when h is divided by 13?
11
Let g = -1 + 3. Let h(t) = t**3 - 3*t + 1. Let w be h(g). Suppose 3*a - 67 = -w*r - 2*a, 11 = r - 4*a. Calculate the remainder when r is divided by 7.
5
Let j = 21 - 36. Let k = j - -28. Let n = -93 + 130. What is the remainder when n is divided by k?
11
Suppose 2*z = 3 - 9, -4*z = 2*i + 18. What is the remainder when 8 is divided by 9/i + 2 - -7?
2
Suppose -4*t - 6*p - 26 = -3*p, 4 = -t - 2*p. Suppose 5*h = 2*a - 52, 2*h - 96 = -5*a + 6*h. Calculate the remainder when a is divided by 2/t - 50/(-8).
4
What is the remainder when 85 is divided by (4 + 0)/(2/11)?
19
Suppose -5*v - 1 = 4. Let q be 0 - (-73)/3 - 21/63. Let u = v + q. What is the remainder when u is divided by 6?
5
Let x = -16 - -27. Let t = 137 - 96. Calculate the remainder when t is divided by x.
8
Let l = 3 + 1. Suppose -l*w = -t - 101, -2*w + 2*t + 36 + 16 = 0. What is the remainder when w is divided by 9?
7
Let q be 0 + (-15 - (-1 + 0)). Let a = q + 24. What is the remainder when 18 is divided by a?
8
Let h(r) = 0 - 3*r**2 + r**3 + 1 - 3*r - 2. Let d be h(4). Suppose d*w + 3 = -2*x + 12, -w = x - 4. Calculate the remainder when 8 is divided by x.
2
Let j(g) = -g**2 + 14*g - 1. What is the remainder when j(13) is divided by 4?
0
Suppose 68 = 4*y - 4*o, -22 = -0*y - y + 2*o. Calculate the remainder when 33 is divided by y.
9
Let q(v) be the third derivative of -v**4/8 + v**3/3 + 7*v**2. What is the remainder when 7 is divided by q(-1)?
2
Suppose 13 = 2*v - 51. Calculate the remainder when v is divided by 11.
10
Let v = 0 - 0. Suppose v = 3*m - 8*m + 35. Suppose -3*r - 3 = 0, 0 = -4*s - 2*r - 7 + 21. What is the remainder when m is divided by s?
3
Let q be -3*1*(-10)/15. Suppose -17 = 5*r - q. What is the remainder when 35 is divided by (-4)/6 + (-56)/r?
17
Let n(l) = -l**2 - 16*l - 21. What is the remainder when n(-14) is divided by 3?
1
Suppose 0 = 3*f - 5*u + 8 - 65, -3*f - 3*u + 33 = 0. Suppose 4*a + f = 98. What is the remainder when 41 is divided by a?
20
Suppose 0 = -2*g + 2*s, 5*g - 2 = 2*s + 10. What is the remainder when (-2)/(-12) + (-83)/(-6) is divided by g?
2
Suppose 3*h - 5 = 16. What is the remainder when h is divided by 2?
1
Let v(s) = -s + 4. Let j be v(7). Suppose -6*c + 104 - 8 = 0. What is the remainder when ((-7)/j)/((-1)/(-27)) is divided by c?
15
Suppose 4*c - 5*d = 2*c + 59, 4*d = 3*c - 99. Calculate the remainder when c is divided by 24.
13
Suppose 4*v = -4*f + 104, 18 = -4*v + 5*v + 3*f. What is the remainder when v is divided by 12?
6
Suppose -5*s - 2*b = 2*b - 66, -2*b - 42 = -5*s. Suppose 4*n = 18 + s. Suppose 2*f = n*f - 30. Calculate the remainder when 17 is divided by f.
5
Let m(l) = -2*l - 4. Let p be (-4)/(-8) - 7/2. What is the remainder when 7 is divided by m(p)?
1
Let q(f) = 1 + 1 - 4 - 1 + 28*f. Calculate the remainder when q(2) is divided by 18.
17
Suppose -4*h = -3*x - 59, 20 = 2*h + x + 3. Let q(y) = 5*y + 7. What is the remainder when q(5) is divided by h?
10
Suppose -3*y = 101 - 260. Suppose -13*x + 12*x - 3*c = -18, 3*x + 4*c = 69. Calculate the remainder when y is divided by x.
26
Suppose 2*y - 3 = 17. Let a = 21 + -6. Calculate the remainder when a is divided by (-126)/(-15) + (-4)/y.
7
Suppose 2*r + 21 = z, 6*z = 2*z - 4*r + 72. Let q be (-20)/(-16)*(-1 - 3). What is the remainder when z is divided by 10 + 0 - 0/q?
9
Let p(b) = 13*b - 1. Suppose 0 = 11*z - 384 - 254. What is the remainder when z is divided by p(1)?
10
Suppose 5*v - 57 = -4*c, -v + 27 = -c + 3*c. Calculate the remainder when 36 is divided by c.
10
Calculate the remainder when 4 is divided by (-3 - (-12)/3)/1.
0
Let p(l) = 10*l + 3. Let s(f) = -6*f**3 - f - 1. Let y be s(-1). Calculate the remainder when p(y) is divided by 16